{"id":48,"date":"2023-03-28T20:12:22","date_gmt":"2023-03-28T20:12:22","guid":{"rendered":"https:\/\/espaciodeinfancias.com.ar\/?page_id=48"},"modified":"2026-04-09T00:21:14","modified_gmt":"2026-04-09T00:21:14","slug":"algo-de-mi","status":"publish","type":"page","link":"https:\/\/espaciodeinfancias.com.ar\/?page_id=48","title":{"rendered":"Algo de m\u00ed"},"content":{"rendered":"\n<hr class=\"wp-block-separator has-alpha-channel-opacity\"\/>\n\n\n\n<h3 class=\"wp-block-heading\">\ud83d\udc9b \u00a1Hola, hola! Soy Lupe\u2026 y este es <em>Espacio de Infancias<\/em> \u2728<\/h3>\n\n\n\n<p>Soy <strong>Guadalupe S\u00e1nchez<\/strong>, pero casi todos me llaman <strong>Lupe<\/strong>. Soy <strong>docente de nivel inicial<\/strong>, <strong>licenciada en gesti\u00f3n y calidad educativa<\/strong>, y formada en alfabetizaci\u00f3n. Pero, sin dudas, el t\u00edtulo que m\u00e1s me representa es el de <strong>mam\u00e1 de M\u00e1ximo<\/strong>, hoy ya un adolescente hermoso, sensible y&#8230; s\u00ed, \u00a1todav\u00eda mimoso! \ud83d\udc9b<\/p>\n\n\n\n<p>Hace a\u00f1os decid\u00ed mirar la educaci\u00f3n con otros ojos. Tal vez fue la propia experiencia de acompa\u00f1ar la escolaridad de mi hijo lo que encendi\u00f3 en m\u00ed el deseo de repensar lo que damos por hecho en el sistema educativo. As\u00ed naci\u00f3 este proyecto: desde las ganas profundas de <strong>crear propuestas m\u00e1s humanas, flexibles y creativas<\/strong> para ense\u00f1ar a leer y escribir.<\/p>\n\n\n\n<p>Comenc\u00e9 dise\u00f1ando mis propios materiales, con amor, prueba y error, redise\u00f1os y muchas horas de trabajo, hasta lograr <strong>recursos reales, usables y pensados para acompa\u00f1ar a los ni\u00f1os en sus primeros pasos en la alfabetizaci\u00f3n<\/strong>. Y descubr\u00ed algo maravilloso: <strong>cuando el ambiente invita a aprender, los ni\u00f1os responden con entusiasmo, curiosidad y alegr\u00eda<\/strong>.<\/p>\n\n\n\n<p>Soy fan de los espacios que invitan a leer y escribir: rincones en casa, en el aula, en la sala de espera o incluso en el s\u00faper. Cualquier lugar puede convertirse en un peque\u00f1o universo de letras si se lo habita con intenci\u00f3n. Por eso, en esta web vas a encontrar <strong>recursos gratuitos para descargar<\/strong>, materiales dise\u00f1ados con sentido, y muchas ideas para que vos tambi\u00e9n crees esos espacios.<\/p>\n\n\n\n<p>Y esto no termina ah\u00ed\u2026 porque <em>Espacio de Infancias<\/em> es tambi\u00e9n una <strong>tienda online<\/strong>, un espacio de formaci\u00f3n, un blog, un newsletter, un podcast y sobre todo, una comunidad que cree en la educaci\u00f3n como herramienta de transformaci\u00f3n. \ud83c\udf08\u2728<\/p>\n\n\n\n<p><strong>Gracias por estar ac\u00e1. Te invito a explorar, descargar, inspirarte y seguir creando educaci\u00f3n con amor y prop\u00f3sito.<\/strong><\/p>\n\n\n\n<hr class=\"wp-block-separator has-alpha-channel-opacity\"\/>\n\n\n\n<p><\/p>\n\n\n<div class=\"wp-block-image is-style-rounded\">\n<figure class=\"alignright size-medium\"><img loading=\"lazy\" decoding=\"async\" width=\"225\" height=\"300\" src=\"https:\/\/espaciodeinfancias.com.ar\/wp-content\/uploads\/2023\/04\/lupita-225x300.jpg\" alt=\"\" class=\"wp-image-116\" srcset=\"https:\/\/espaciodeinfancias.com.ar\/wp-content\/uploads\/2023\/04\/lupita-225x300.jpg 225w, https:\/\/espaciodeinfancias.com.ar\/wp-content\/uploads\/2023\/04\/lupita-600x800.jpg 600w, https:\/\/espaciodeinfancias.com.ar\/wp-content\/uploads\/2023\/04\/lupita-768x1024.jpg 768w, https:\/\/espaciodeinfancias.com.ar\/wp-content\/uploads\/2023\/04\/lupita.jpg 960w\" sizes=\"auto, (max-width: 225px) 100vw, 225px\" \/><\/figure>\n<\/div>\n\n\n<p><\/p>\n","protected":false},"excerpt":{"rendered":"<p>\ud83d\udc9b \u00a1Hola, hola! Soy Lupe\u2026 y este es Espacio de Infancias \u2728 Soy Guadalupe S\u00e1nchez, pero casi todos me llaman Lupe. Soy docente de nivel inicial, licenciada en gesti\u00f3n y calidad educativa, y formada en alfabetizaci\u00f3n. Pero, sin dudas, el t\u00edtulo que m\u00e1s me representa es el de mam\u00e1 de M\u00e1ximo, hoy ya un adolescente<\/p>\n<div class=\"more-link\">\n             <a href=\"https:\/\/espaciodeinfancias.com.ar\/?page_id=48\" class=\"link-btn\"><span>Seguir leyendo <\/span><i class=\"icofont-thin-double-right\"><\/i><\/a>\n        <\/div>\n","protected":false},"author":1,"featured_media":0,"parent":13,"menu_order":1,"comment_status":"closed","ping_status":"closed","template":"","meta":{"footnotes":""},"class_list":["post-48","page","type-page","status-publish","hentry"],"_links":{"self":[{"href":"https:\/\/espaciodeinfancias.com.ar\/index.php?rest_route=\/wp\/v2\/pages\/48","targetHints":{"allow":["GET"]}}],"collection":[{"href":"https:\/\/espaciodeinfancias.com.ar\/index.php?rest_route=\/wp\/v2\/pages"}],"about":[{"href":"https:\/\/espaciodeinfancias.com.ar\/index.php?rest_route=\/wp\/v2\/types\/page"}],"author":[{"embeddable":true,"href":"https:\/\/espaciodeinfancias.com.ar\/index.php?rest_route=\/wp\/v2\/users\/1"}],"replies":[{"embeddable":true,"href":"https:\/\/espaciodeinfancias.com.ar\/index.php?rest_route=%2Fwp%2Fv2%2Fcomments&post=48"}],"version-history":[{"count":9,"href":"https:\/\/espaciodeinfancias.com.ar\/index.php?rest_route=\/wp\/v2\/pages\/48\/revisions"}],"predecessor-version":[{"id":844,"href":"https:\/\/espaciodeinfancias.com.ar\/index.php?rest_route=\/wp\/v2\/pages\/48\/revisions\/844"}],"up":[{"embeddable":true,"href":"https:\/\/espaciodeinfancias.com.ar\/index.php?rest_route=\/wp\/v2\/pages\/13"}],"wp:attachment":[{"href":"https:\/\/espaciodeinfancias.com.ar\/index.php?rest_route=%2Fwp%2Fv2%2Fmedia&parent=48"}],"curies":[{"name":"wp","href":"https:\/\/api.w.org\/{rel}","templated":true}]}}