{"id":72,"date":"2023-03-31T19:16:13","date_gmt":"2023-03-31T19:16:13","guid":{"rendered":"https:\/\/espaciodeinfancias.com.ar\/?page_id=72"},"modified":"2023-04-24T14:59:04","modified_gmt":"2023-04-24T14:59:04","slug":"aprendiendo-a-leer","status":"publish","type":"page","link":"https:\/\/espaciodeinfancias.com.ar\/?page_id=72","title":{"rendered":"Aprendiendo a leer"},"content":{"rendered":"\n<div class=\"wp-block-media-text alignwide is-stacked-on-mobile is-vertically-aligned-top\" style=\"grid-template-columns:33% auto\"><figure class=\"wp-block-media-text__media\"><img loading=\"lazy\" decoding=\"async\" width=\"1024\" height=\"819\" src=\"https:\/\/espaciodeinfancias.com.ar\/wp-content\/uploads\/2023\/04\/SUPER-DIVERTIDOS-1024x819.png\" alt=\"\" class=\"wp-image-293 size-full\" srcset=\"https:\/\/espaciodeinfancias.com.ar\/wp-content\/uploads\/2023\/04\/SUPER-DIVERTIDOS-1024x819.png 1024w, https:\/\/espaciodeinfancias.com.ar\/wp-content\/uploads\/2023\/04\/SUPER-DIVERTIDOS-300x240.png 300w, https:\/\/espaciodeinfancias.com.ar\/wp-content\/uploads\/2023\/04\/SUPER-DIVERTIDOS-768x614.png 768w, https:\/\/espaciodeinfancias.com.ar\/wp-content\/uploads\/2023\/04\/SUPER-DIVERTIDOS-1536x1229.png 1536w, https:\/\/espaciodeinfancias.com.ar\/wp-content\/uploads\/2023\/04\/SUPER-DIVERTIDOS-600x480.png 600w, https:\/\/espaciodeinfancias.com.ar\/wp-content\/uploads\/2023\/04\/SUPER-DIVERTIDOS.png 2000w\" sizes=\"auto, (max-width: 1024px) 100vw, 1024px\" \/><\/figure><div class=\"wp-block-media-text__content\">\n<p class=\"has-text-align-center\">\u00abAprendiendo a leer\u00bb  Es una serie de siete cuadernillos de aproximadamente 40 p\u00e1ginas cada uno, pensado y elaborado para orientar el proceso de lectoescritura de los ni\u00f1os.<\/p>\n\n\n\n<p class=\"has-text-align-center\">Contienen propuestas y actividades para que se desarrollen tanto con el acompa\u00f1amiento del docente como de los padres. Basados en los principios de la conciencia fonol\u00f3gica para la adquisici\u00f3n de la lectoescritura, entendiendolo como proceso: din\u00e1mico y r\u00edtmico, en los ni\u00f1os. Esto significa que siempre debemos priorizar el acompa\u00f1amiento en esta etapa, adecuando cada actividad a la respuesta que vamos obtiendo del proceso. <\/p>\n\n\n\n<p class=\"has-text-align-center\">Hay sugerencias claras en cuanto a este m\u00e9todo espec\u00edfico, con el objetivo que las actividades a desarrollar sigan par\u00e1metros que nos permitan avanzar en el resultado.<\/p>\n\n\n\n<p><\/p>\n<\/div><\/div>\n","protected":false},"excerpt":{"rendered":"<p>\u00abAprendiendo a leer\u00bb Es una serie de siete cuadernillos de aproximadamente 40 p\u00e1ginas cada uno, pensado y elaborado para orientar el proceso de lectoescritura de los ni\u00f1os. Contienen propuestas y actividades para que se desarrollen tanto con el acompa\u00f1amiento del docente como de los padres. Basados en los principios de la conciencia fonol\u00f3gica para la<\/p>\n<div class=\"more-link\">\n             <a href=\"https:\/\/espaciodeinfancias.com.ar\/?page_id=72\" class=\"link-btn\"><span>Seguir leyendo <\/span><i class=\"icofont-thin-double-right\"><\/i><\/a>\n        <\/div>\n","protected":false},"author":1,"featured_media":0,"parent":15,"menu_order":1,"comment_status":"closed","ping_status":"closed","template":"","meta":{"footnotes":""},"class_list":["post-72","page","type-page","status-publish","hentry"],"_links":{"self":[{"href":"https:\/\/espaciodeinfancias.com.ar\/index.php?rest_route=\/wp\/v2\/pages\/72","targetHints":{"allow":["GET"]}}],"collection":[{"href":"https:\/\/espaciodeinfancias.com.ar\/index.php?rest_route=\/wp\/v2\/pages"}],"about":[{"href":"https:\/\/espaciodeinfancias.com.ar\/index.php?rest_route=\/wp\/v2\/types\/page"}],"author":[{"embeddable":true,"href":"https:\/\/espaciodeinfancias.com.ar\/index.php?rest_route=\/wp\/v2\/users\/1"}],"replies":[{"embeddable":true,"href":"https:\/\/espaciodeinfancias.com.ar\/index.php?rest_route=%2Fwp%2Fv2%2Fcomments&post=72"}],"version-history":[{"count":8,"href":"https:\/\/espaciodeinfancias.com.ar\/index.php?rest_route=\/wp\/v2\/pages\/72\/revisions"}],"predecessor-version":[{"id":352,"href":"https:\/\/espaciodeinfancias.com.ar\/index.php?rest_route=\/wp\/v2\/pages\/72\/revisions\/352"}],"up":[{"embeddable":true,"href":"https:\/\/espaciodeinfancias.com.ar\/index.php?rest_route=\/wp\/v2\/pages\/15"}],"wp:attachment":[{"href":"https:\/\/espaciodeinfancias.com.ar\/index.php?rest_route=%2Fwp%2Fv2%2Fmedia&parent=72"}],"curies":[{"name":"wp","href":"https:\/\/api.w.org\/{rel}","templated":true}]}}