{"id":811,"date":"2026-03-09T16:50:21","date_gmt":"2026-03-09T16:50:21","guid":{"rendered":"https:\/\/espaciodeinfancias.com.ar\/?page_id=811"},"modified":"2026-03-09T19:28:27","modified_gmt":"2026-03-09T19:28:27","slug":"inicio","status":"publish","type":"page","link":"https:\/\/espaciodeinfancias.com.ar\/?page_id=811","title":{"rendered":"INICIO"},"content":{"rendered":"\n<p><strong>Espacio de Infancias<\/strong><br><strong>Investigaci\u00f3n, formaci\u00f3n y recursos sobre alfabetizaci\u00f3n inicial y desarrollo infantil<\/strong><\/p>\n\n\n\n<p class=\"has-text-align-center\">Espacio de Infancias es un espacio dedicado al estudio, la reflexi\u00f3n y la difusi\u00f3n de conocimientos sobre el desarrollo infantil, el lenguaje y la alfabetizaci\u00f3n inicial.<\/p>\n\n\n\n<p class=\"has-text-align-center\"><\/p>\n\n\n\n<div class=\"wp-block-media-text is-stacked-on-mobile\" style=\"grid-template-columns:18% auto\"><figure class=\"wp-block-media-text__media\"><img loading=\"lazy\" decoding=\"async\" width=\"480\" height=\"640\" src=\"https:\/\/espaciodeinfancias.com.ar\/wp-content\/uploads\/2026\/03\/IMG_20231127_165008-edited-1.jpg\" alt=\"\" class=\"wp-image-820 size-full\" srcset=\"https:\/\/espaciodeinfancias.com.ar\/wp-content\/uploads\/2026\/03\/IMG_20231127_165008-edited-1.jpg 480w, https:\/\/espaciodeinfancias.com.ar\/wp-content\/uploads\/2026\/03\/IMG_20231127_165008-edited-1-225x300.jpg 225w, https:\/\/espaciodeinfancias.com.ar\/wp-content\/uploads\/2026\/03\/IMG_20231127_165008-edited-1-75x100.jpg 75w\" sizes=\"auto, (max-width: 480px) 100vw, 480px\" \/><\/figure><div class=\"wp-block-media-text__content\">\n<p>Dirigido por la <strong>Lic. Guadalupe S\u00e1nchez<\/strong>, este proyecto busca desde el a\u00f1o 2018 acercar a docentes, familias e instituciones educativas herramientas basadas en investigaci\u00f3n pedag\u00f3gica y ling\u00fc\u00edstica contempor\u00e1nea.<\/p>\n<\/div><\/div>\n\n\n\n<p>El sitio re\u00fane:<\/p>\n\n\n\n<ul class=\"wp-block-list\">\n<li>art\u00edculos de an\u00e1lisis pedag\u00f3gico<\/li>\n\n\n\n<li>materiales did\u00e1cticos para el trabajo en el aula<\/li>\n\n\n\n<li>recursos para acompa\u00f1ar los procesos de aprendizaje de ni\u00f1os y ni\u00f1as<\/li>\n\n\n\n<li>reflexiones sobre pr\u00e1cticas de alfabetizaci\u00f3n en contextos educativos diversos<\/li>\n<\/ul>\n\n\n\n<p class=\"has-text-align-center\">La propuesta  entiende la alfabetizaci\u00f3n como un proceso complejo que articula el desarrollo del lenguaje, la ense\u00f1anza del sistema de escritura y las pr\u00e1cticas sociales de lectura y escritura.<\/p>\n\n\n\n<p class=\"has-text-align-center\">El objetivo central de este espacio es <strong>contribuir a la mejora de las pr\u00e1cticas educativas vinculadas a la alfabetizaci\u00f3n inicial<\/strong>, promoviendo el di\u00e1logo entre investigaci\u00f3n, formaci\u00f3n docente y experiencia pedag\u00f3gica.<\/p>\n","protected":false},"excerpt":{"rendered":"<p>Espacio de InfanciasInvestigaci\u00f3n, formaci\u00f3n y recursos sobre alfabetizaci\u00f3n inicial y desarrollo infantil Espacio de Infancias es un espacio dedicado al estudio, la reflexi\u00f3n y la difusi\u00f3n de conocimientos sobre el desarrollo infantil, el lenguaje y la alfabetizaci\u00f3n inicial. Dirigido por la Lic. Guadalupe S\u00e1nchez, este proyecto busca desde el a\u00f1o 2018 acercar a docentes, familias<\/p>\n<div class=\"more-link\">\n             <a href=\"https:\/\/espaciodeinfancias.com.ar\/?page_id=811\" class=\"link-btn\"><span>Seguir leyendo <\/span><i class=\"icofont-thin-double-right\"><\/i><\/a>\n        <\/div>\n","protected":false},"author":1,"featured_media":0,"parent":0,"menu_order":0,"comment_status":"closed","ping_status":"closed","template":"","meta":{"footnotes":""},"class_list":["post-811","page","type-page","status-publish","hentry"],"_links":{"self":[{"href":"https:\/\/espaciodeinfancias.com.ar\/index.php?rest_route=\/wp\/v2\/pages\/811","targetHints":{"allow":["GET"]}}],"collection":[{"href":"https:\/\/espaciodeinfancias.com.ar\/index.php?rest_route=\/wp\/v2\/pages"}],"about":[{"href":"https:\/\/espaciodeinfancias.com.ar\/index.php?rest_route=\/wp\/v2\/types\/page"}],"author":[{"embeddable":true,"href":"https:\/\/espaciodeinfancias.com.ar\/index.php?rest_route=\/wp\/v2\/users\/1"}],"replies":[{"embeddable":true,"href":"https:\/\/espaciodeinfancias.com.ar\/index.php?rest_route=%2Fwp%2Fv2%2Fcomments&post=811"}],"version-history":[{"count":5,"href":"https:\/\/espaciodeinfancias.com.ar\/index.php?rest_route=\/wp\/v2\/pages\/811\/revisions"}],"predecessor-version":[{"id":821,"href":"https:\/\/espaciodeinfancias.com.ar\/index.php?rest_route=\/wp\/v2\/pages\/811\/revisions\/821"}],"wp:attachment":[{"href":"https:\/\/espaciodeinfancias.com.ar\/index.php?rest_route=%2Fwp%2Fv2%2Fmedia&parent=811"}],"curies":[{"name":"wp","href":"https:\/\/api.w.org\/{rel}","templated":true}]}}

<p><strong>Espacio de Infancias</strong><br><strong>Investigación, formación y recursos sobre alfabetización inicial y desarrollo infantil</strong></p>



<p class="has-text-align-center">Espacio de Infancias es un espacio dedicado al estudio, la reflexión y la difusión de conocimientos sobre el desarrollo infantil, el lenguaje y la alfabetización inicial.</p>



<p class="has-text-align-center"></p>



<div class="wp-block-media-text is-stacked-on-mobile" style="grid-template-columns:18% auto"><figure class="wp-block-media-text__media"><img loading="lazy" decoding="async" width="480" height="640" src="https://espaciodeinfancias.com.ar/wp-content/uploads/2026/03/IMG_20231127_165008-edited-1.jpg" alt="" class="wp-image-820 size-full" srcset="https://espaciodeinfancias.com.ar/wp-content/uploads/2026/03/IMG_20231127_165008-edited-1.jpg 480w, https://espaciodeinfancias.com.ar/wp-content/uploads/2026/03/IMG_20231127_165008-edited-1-225x300.jpg 225w, https://espaciodeinfancias.com.ar/wp-content/uploads/2026/03/IMG_20231127_165008-edited-1-75x100.jpg 75w" sizes="auto, (max-width: 480px) 100vw, 480px" /></figure><div class="wp-block-media-text__content">
<p>Dirigido por la <strong>Lic. Guadalupe Sánchez</strong>, este proyecto busca desde el año 2018 acercar a docentes, familias e instituciones educativas herramientas basadas en investigación pedagógica y lingüística contemporánea.</p>
</div></div>



<p>El sitio reúne:</p>



<ul class="wp-block-list">
<li>artículos de análisis pedagógico</li>



<li>materiales didácticos para el trabajo en el aula</li>



<li>recursos para acompañar los procesos de aprendizaje de niños y niñas</li>



<li>reflexiones sobre prácticas de alfabetización en contextos educativos diversos</li>
</ul>



<p class="has-text-align-center">La propuesta  entiende la alfabetización como un proceso complejo que articula el desarrollo del lenguaje, la enseñanza del sistema de escritura y las prácticas sociales de lectura y escritura.</p>



<p class="has-text-align-center">El objetivo central de este espacio es <strong>contribuir a la mejora de las prácticas educativas vinculadas a la alfabetización inicial</strong>, promoviendo el diálogo entre investigación, formación docente y experiencia pedagógica.</p>

<p>Espacio de InfanciasInvestigación, formación y recursos sobre alfabetización inicial y desarrollo infantil Espacio de Infancias es un espacio dedicado al estudio, la reflexión y la difusión de conocimientos sobre el desarrollo infantil, el lenguaje y la alfabetización inicial. Dirigido por la Lic. Guadalupe Sánchez, este proyecto busca desde el año 2018 acercar a docentes, familias</p>
<div class="more-link">
             <a href="https://espaciodeinfancias.com.ar/?page_id=811" class="link-btn"><span>Seguir leyendo </span><i class="icofont-thin-double-right"></i></a>
        </div>
