{"id":179,"date":"2023-04-09T14:39:18","date_gmt":"2023-04-09T14:39:18","guid":{"rendered":"https:\/\/espaciodeinfancias.com.ar\/?post_type=product&#038;p=179"},"modified":"2025-01-26T21:25:59","modified_gmt":"2025-01-26T21:25:59","slug":"masas-sensoriales","status":"publish","type":"product","link":"https:\/\/espaciodeinfancias.com.ar\/?product=masas-sensoriales","title":{"rendered":"Masas sensoriales"},"content":{"rendered":"<p>Super divertidas\u00a0<em>masas sensoriales para<\/em>\u00a0jugar\u00a0<em>y<\/em>\u00a0divertirse\u00a0<em>en<\/em>\u00a0casa\u00a0<em>con<\/em> los m\u00e1s peque\u00f1os.<\/p>\n<p>No t\u00f3xicas<\/p>\n<p>super promo x 2<\/p>\n","protected":false},"excerpt":{"rendered":"<p>Super divertidas\u00a0masas sensoriales para\u00a0jugar\u00a0y\u00a0divertirse\u00a0en\u00a0casa\u00a0con los m\u00e1s peque\u00f1os. No t\u00f3xicas super promo x 2<\/p>\n","protected":false},"featured_media":180,"comment_status":"open","ping_status":"closed","template":"","meta":[],"product_brand":[],"product_cat":[19],"product_tag":[],"class_list":{"0":"post-179","1":"product","2":"type-product","3":"status-publish","4":"has-post-thumbnail","6":"product_cat-juguetes-y-recursos","7":"post","9":"first","10":"outofstock","11":"sale","12":"shipping-taxable","13":"purchasable","14":"product-type-simple"},"_links":{"self":[{"href":"https:\/\/espaciodeinfancias.com.ar\/index.php?rest_route=\/wp\/v2\/product\/179","targetHints":{"allow":["GET"]}}],"collection":[{"href":"https:\/\/espaciodeinfancias.com.ar\/index.php?rest_route=\/wp\/v2\/product"}],"about":[{"href":"https:\/\/espaciodeinfancias.com.ar\/index.php?rest_route=\/wp\/v2\/types\/product"}],"replies":[{"embeddable":true,"href":"https:\/\/espaciodeinfancias.com.ar\/index.php?rest_route=%2Fwp%2Fv2%2Fcomments&post=179"}],"wp:featuredmedia":[{"embeddable":true,"href":"https:\/\/espaciodeinfancias.com.ar\/index.php?rest_route=\/wp\/v2\/media\/180"}],"wp:attachment":[{"href":"https:\/\/espaciodeinfancias.com.ar\/index.php?rest_route=%2Fwp%2Fv2%2Fmedia&parent=179"}],"wp:term":[{"taxonomy":"product_brand","embeddable":true,"href":"https:\/\/espaciodeinfancias.com.ar\/index.php?rest_route=%2Fwp%2Fv2%2Fproduct_brand&post=179"},{"taxonomy":"product_cat","embeddable":true,"href":"https:\/\/espaciodeinfancias.com.ar\/index.php?rest_route=%2Fwp%2Fv2%2Fproduct_cat&post=179"},{"taxonomy":"product_tag","embeddable":true,"href":"https:\/\/espaciodeinfancias.com.ar\/index.php?rest_route=%2Fwp%2Fv2%2Fproduct_tag&post=179"}],"curies":[{"name":"wp","href":"https:\/\/api.w.org\/{rel}","templated":true}]}}