{"id":503,"date":"2024-10-02T00:21:19","date_gmt":"2024-10-02T00:21:19","guid":{"rendered":"https:\/\/espaciodeinfancias.com.ar\/?post_type=product&#038;p=503"},"modified":"2026-01-14T21:36:35","modified_gmt":"2026-01-14T21:36:35","slug":"serapio-pierde-un-diente","status":"publish","type":"product","link":"https:\/\/espaciodeinfancias.com.ar\/?product=serapio-pierde-un-diente","title":{"rendered":"Serapio pierde un diente"},"content":{"rendered":"<p><span class=\"titulo-cat\">Serapio pierde un diente<\/span>La historia de una aterradora sonrisa con ventanita<\/p>\n<p><span class=\"autor-cat\">Autor:\u00a0<strong>Ver\u00f3nica \u00c1lvarez Rivera<\/strong><\/span><\/p>\n<p><span class=\"isbn-cat\">ISBN:\u00a0<strong>9789500213158<\/strong><\/span>ID:\u00a0<strong>700558<\/strong><\/p>\n<p>Formato:\u00a0<strong>20 cm x 20 cm<\/strong><\/p>\n<p>Ilustrador:\u00a0<strong>Juan Chavetta<\/strong><\/p>\n","protected":false},"excerpt":{"rendered":"<p>Al monstruo Serapio se le afloja el primero de sus cuarenta dientes de leche. Su familia gru\u00f1e de lo contenta que est\u00e1. Pero tambi\u00e9n se entusiasman los Ratones P\u00e9rez de todo el mundo, las Hadas de los Dientes y los Duendes del Kilimanjaro. \u00a1Un diente de leche de monstruo es muy valioso!<\/p>\n","protected":false},"featured_media":504,"comment_status":"closed","ping_status":"closed","template":"","meta":[],"product_brand":[],"product_cat":[17,22],"product_tag":[],"class_list":{"0":"post-503","1":"product","2":"type-product","3":"status-publish","4":"has-post-thumbnail","6":"product_cat-literatura","7":"product_cat-libros","8":"product_shipping_class-literatura","9":"post","11":"first","12":"outofstock","13":"shipping-taxable","14":"purchasable","15":"product-type-simple"},"_links":{"self":[{"href":"https:\/\/espaciodeinfancias.com.ar\/index.php?rest_route=\/wp\/v2\/product\/503","targetHints":{"allow":["GET"]}}],"collection":[{"href":"https:\/\/espaciodeinfancias.com.ar\/index.php?rest_route=\/wp\/v2\/product"}],"about":[{"href":"https:\/\/espaciodeinfancias.com.ar\/index.php?rest_route=\/wp\/v2\/types\/product"}],"replies":[{"embeddable":true,"href":"https:\/\/espaciodeinfancias.com.ar\/index.php?rest_route=%2Fwp%2Fv2%2Fcomments&post=503"}],"wp:featuredmedia":[{"embeddable":true,"href":"https:\/\/espaciodeinfancias.com.ar\/index.php?rest_route=\/wp\/v2\/media\/504"}],"wp:attachment":[{"href":"https:\/\/espaciodeinfancias.com.ar\/index.php?rest_route=%2Fwp%2Fv2%2Fmedia&parent=503"}],"wp:term":[{"taxonomy":"product_brand","embeddable":true,"href":"https:\/\/espaciodeinfancias.com.ar\/index.php?rest_route=%2Fwp%2Fv2%2Fproduct_brand&post=503"},{"taxonomy":"product_cat","embeddable":true,"href":"https:\/\/espaciodeinfancias.com.ar\/index.php?rest_route=%2Fwp%2Fv2%2Fproduct_cat&post=503"},{"taxonomy":"product_tag","embeddable":true,"href":"https:\/\/espaciodeinfancias.com.ar\/index.php?rest_route=%2Fwp%2Fv2%2Fproduct_tag&post=503"}],"curies":[{"name":"wp","href":"https:\/\/api.w.org\/{rel}","templated":true}]}}